-18)/27 + 50/3 is divided by 10?
6
Let r(c) = c**2 + 6*c + 7. Suppose -l + 24 = l. Suppose -l + 0 = -u. Calculate the remainder when u is divided by r(-6).
5
Suppose 2*a - 2*k + 17 = -a, 0 = -2*a + 3*k - 18. What is the remainder when 42 is divided by ((-11)/2)/(a/12)?
20
Let c = -12 - -27. Let s(y) = -42*y. What is the remainder when s(-1) is divided by c?
12
Suppose -q + 42 = q. Suppose 4*a + 183 = 3*p + 2*a, p - a = 61. What is the remainder when p is divided by q?
19
Suppose 2*p - 2*i - 26 = -0*p, -p - i + 13 = 0. Calculate the remainder when 37 is divided by p.
11
Let r(b) = -b**2 + 9*b + 1. Calculate the remainder when 35 is divided by r(6).
16
Let d(u) = -u**2 + 6*u - 5. Let c be d(4). What is the remainder when 20 is divided by (14 - 3) + c - 3?
9
Let t = 82 + -40. What is the remainder when 81 is divided by t?
39
Suppose 0 = -2*x - 2*q + 44, 6 + 4 = 5*q. What is the remainder when x is divided by (-8 - -7)*14/(-2)?
6
Let c = 2 + 2. Suppose -q = -c*q. Suppose -t = -2*x - x + 29, q = 2*t - 8. Calculate the remainder when 21 is divided by x.
10
Let u = -16 + 10. Let l(j) = -j**3 - 3*j**2 - j + 6. Let y be l(u). What is the remainder when 13 is divided by (-2)/(-6)*y/8?
3
Let z be (-2 - (-73 - 0))*1. Suppose -a = -5*n + z, -5*a + 6 = -n + 25. What is the remainder when n is divided by 8?
6
What is the remainder when 77 is divided by (1 + (-1)/(-3))*(13 + 2)?
17
Let k(b) = -5*b - 1. Let o be k(-1). Suppose 5*w - 6*w + 2 = 0, -3*w = -o*x + 38. Calculate the remainder when 20 is divided by x.
9
Let c = 11 + 37. Calculate the remainder when c is divided by 33/2 - (-1)/2.
14
What is the remainder when 10/15*(-24)/(-2) is divided by (-74)/(-14) - (-2)/(-7)?
3
Let r = 11 + -7. Let i = 29 + -19. Suppose -30 = -3*x + 3*d, -d - i = r*d. What is the remainder when 23 is divided by x?
7
Suppose 4*l + 11 = -1, 3*l = 2*s - 15. Suppose -3*b = -s*p + 87, 3*p - 101 = -2*b - 2*b. Calculate the remainder when p is divided by 17.
14
Let f(y) = 6*y**3 - y + 1. Let m be f(1). Suppose 18 = 2*r - m. Calculate the remainder when 46 is divided by r.
10
Let i(j) = 8*j + 1 + 3*j**2 - 5*j**2 + j**2. Suppose 0 = 2*g + 3*g - 35. Calculate the remainder when i(6) is divided by g.
6
Let k(r) = 2*r**2 + 6*r - 20. Calculate the remainder when 76 is divided by k(-6).
12
Suppose 5*a + 2*w - 103 = -627, 526 = -5*a - 3*w. Let i = -62 - a. Calculate the remainder when i is divided by (3/3 - 0) + 21.
20
Suppose 0 = -7*g + 26 + 51. What is the remainder when 107 is divided by g?
8
Suppose -8 = 3*a - 2. Let l(r) = -4*r**3 - r**2 + r + 2. Calculate the remainder when 54 is divided by l(a).
26
What is the remainder when 77 + -6 + 0 + -1 is divided by 12?
10
Let l be 72 - (3 + -5 + 0). Suppose 81 = 5*m - l. Calculate the remainder when m is divided by 17.
14
Suppose 5*u = 8*u - 144. Calculate the remainder when u is divided by 10.
8
Let u(j) = j + 7. Let n be u(-11). Calculate the remainder when 118 is divided by 1*-6*(n + -1).
28
Let y(b) = 4*b - 9. Let r be y(-7). Let q = 70 + r. Let o = -3 + q. Calculate the remainder when o is divided by 16.
14
Suppose -5*n + 5*x + 185 = 0, -4*n + 0*n = 5*x - 184. What is the remainder when n is divided by 14?
13
Let b = 7 + 5. Let d be 3/(5 + -2) - -2. Suppose 2*y = -2*q + 70, 5*q - 27 = d*y + 148. What is the remainder when q is divided by b?
11
Suppose -s + 4*u + 19 = 0, 3*s - 5*u = s + 26. Calculate the remainder when 30 is divided by s.
0
Let b(m) = -m**3 - 4*m**2 + m + 2. Let y be b(-4). Let c be 2*(y - (-14)/4). Let d(s) = s**3 - 2*s**2 + 1. Calculate the remainder when 19 is divided by d(c).
9
Suppose 0 = -3*u - 5*a + 35, -2*u + 5*a + 55 = -10. Let g = -44 + 55. Calculate the remainder when u is divided by g.
9
Suppose 9 = v - 0*v. Let z be -14*(-2 - (-9)/6). Suppose -z*c = -2*c - 85. What is the remainder when c is divided by v?
8
Suppose 4*w - 61 = y - 7, 3*y + 50 = 4*w. What is the remainder when w is divided by 5?
4
Let x = 142 - 78. Suppose -i + 0*i = -22. Calculate the remainder when x is divided by i.
20
Let a be -3 + 7 + 8/(-4). Let g(q) = q**3 + 2*q**2 - 2*q - 2. What is the remainder when (0 + 1)*1*19 is divided by g(a)?
9
Let q(b) = -b + 21. Calculate the remainder when 11 is divided by q(15).
5
Suppose u + 3*u = 20, -19 = -4*m + 5*u. Suppose m = 3*i - 112. What is the remainder when i is divided by 11?
8
Suppose 0*n - 21 = -l + 3*n, -4*n - 58 = -3*l. What is the remainder when l is divided by 5?
3
Suppose -5*x = -4*l + 1 - 7, -l + 5 = 2*x. Calculate the remainder when (x/6)/((-1)/(-42)) is divided by 5.
4
Suppose 2*t = -y + 6, 0*y + y + 4*t - 6 = 0. Let q = 10 - y. Suppose -q*d - 15 + 47 = 0. What is the remainder when 15 is divided by d?
7
Let p(m) = -m**2 + 10*m - 12. What is the remainder when 51 is divided by p(5)?
12
Let g = -176 - -211. Calculate the remainder when 67 is divided by g.
32
Suppose -7 - 2 = -3*p. Suppose 0 = -4*u - 5*k + 31, 0*u + k - 26 = -p*u. What is the remainder when u is divided by 4?
1
Let n(a) = 3*a**2. Let m be n(1). Let h = m + -1. Suppose 124 = 2*r + h*r. What is the remainder when r is divided by 11?
9
Suppose -2*m + 3 = -5. Let z = -5 + 7. Suppose 3*u = z*u + 5. Calculate the remainder when u is divided by m.
1
Let f = 105 - 85. What is the remainder when f is divided by 13?
7
Suppose 2*y + 5 = -7. Let b(f) be the second derivative of -f**5/20 - f**4/2 - f**3/3 + f**2 - f. Calculate the remainder when 53 is divided by b(y).
11
Calculate the remainder when 71 is divided by 16*(-4)/16*-2.
7
Let n(w) = 13*w + 1. Let a be n(5). Calculate the remainder when 8/20 + a/10 is divided by 4.
3
Let g(s) = 22*s**2 - s + 1. What is the remainder when 83 is divided by g(1)?
17
Suppose 2*y - 215 = -61. Calculate the remainder when y is divided by 27.
23
Suppose i - 5 = -q, -2*i + q + 10 = -3*q. Suppose 4*u - 54 - 14 = 0. What is the remainder when u is divided by i?
2
Suppose -c + 22 = -5*a, 4*a - 3*a - 10 = -c. Suppose 4*z - 3*z + i = 24, -2 = -2*i. What is the remainder when z is divided by c?
11
Let f(s) = -s - 6. Let o be f(-6). Suppose 3*p - 131 = -4*m, -2*p + m = -o*p - 80. Calculate the remainder when p is divided by 21.
20
Suppose -3*q - 5 = -4*q - 4*s, -s = -3*q + 2. Let h(j) = -j**2 + 19*j + 1. Calculate the remainder when q is divided by h(19).
0
Suppose i + x = 7, -2*x + 1 + 4 = i. Suppose -4*d + 7 = -4*g + 31, d - 3*g + 16 = 0. Calculate the remainder when 11 is divided by d + i - (4 + -2).
5
Let l(n) = -n**3 - 14*n**2 - 18*n + 5. What is the remainder when l(-13) is divided by 18?
16
Let c be 144/30 - 2/(-10). Suppose -3*r + c = -13. Let u(y) = 3*y - 6. Calculate the remainder when 22 is divided by u(r).
10
Let p(s) = 2*s**3 - 2*s**2 + s - 1. What is the remainder when p(3) is divided by 212/16 + 5/(-20)?
12
Let n(w) = -w**2 + 10*w + 46. What is the remainder when 179 is divided by n(0)?
41
Let v be -4 + (1 - -1) + 0. Let p be 8/20 - (-8)/(-20). Calculate the remainder when (p - -4) + v + 0 is divided by 2.
0
Let j(g) = -g - 10. Let u be j(-7). Let i = 7 - u. What is the remainder when 37 is divided by i?
7
Let f(s) = -s**3 + 5*s**2 - 3*s + 9. Suppose 5*t - 20 = -0*t. Calculate the remainder when f(t) is divided by 8.
5
Let y = -29 + 10. Let u(s) = -19*s + 3. Let n be u(2). Let l = y - n. What is the remainder when l is divided by 9?
7
Suppose 4*n - 4*o = 137 + 303, -5*n = -4*o - 546. What is the remainder when n is divided by 36?
34
Suppose -4 = -2*f - 0*f. Suppose 2*x - 36 = -f*x. Calculate the remainder when 17 is divided by x.
8
Let m(f) be the second derivative of f**5/20 - 7*f**4/12 - 4*f**3/3 + 9*f**2/2 + 3*f. What is the remainder when 17 is divided by m(8)?
8
Let b(i) = -i**3 + 7*i**2 + 8*i + 5. Let t be b(8). Suppose 39 = -t*n - 11. What is the remainder when 22 is divided by (24/n)/((-4)/10)?
4
Suppose 16 - 1 = 3*y. Suppose -n - y = -0. Let a = -2 - n. What is the remainder when a is divided by 2?
1
Let r = 50 - 29. Calculate the remainder when 82 is divided by r.
19
Let g = -24 + 51. What is the remainder when 102 is divided by g?
21
Let d(w) = -w**2 - 5*w - 4. Suppose 24 + 2 = 2*z. Suppose 5*g - z = -o + 2*o, 16 = 5*o + 2*g. What is the remainder when d(-3) is divided by o?
0
Suppose -5*l + 1 = -39. Let g = 30 - 7. Calculate the remainder when g is divided by l.
7
Let v(c) = 4*c